-154914
What is 2eff5d (base 16) in base 7?
35115451
8661774 (base 9) to base 10
4646551
-222100122 (base 4) to base 14
-47110
Convert -1c802 (base 14) to base 16.
-11cd2
Convert 5121432 (base 6) to base 7.
2034311
Convert 10296 (base 11) to base 14.
5668
301230312 (base 4) to base 10
203574
1a21b (base 13) to base 4
30123031
20110210021020 (base 3) to base 5
1340042341
What is 3372622 (base 8) in base 9?
1643822
What is 605024 (base 7) in base 4?
121002233
What is 460060 (base 8) in base 12?
76128
-26b1a0 (base 13) to base 11
-591058
What is -12303310331 (base 4) in base 5?
-424111044
Convert -191438 (base 14) to base 11.
-556587
-8781a7 (base 15) to base 7
-105611236
-1c897 (base 16) to base 5
-12220022
Convert -5119313 (base 12) to base 10.
-15215487
What is 524544 (base 10) in base 3?
222122112120
Convert 17123 (base 11) to base 2.
101111000101000
Convert -215631 (base 9) to base 5.
-13110233
Convert -12212230 (base 5) to base 4.
-130131111
What is -ea65 (base 16) in base 11?
-410a0
-2a58b (base 13) to base 8
-234264
-1e3d3 (base 16) to base 4
-132033103
54065 (base 8) to base 7
122556
-127161 (base 8) to base 16
-ae71
What is 10101010010001001 (base 2) in base 16?
15489
What is 16145112 (base 8) in base 10?
3721802
-16373128 (base 10) to base 6
-1342533304
Convert -113011220013 (base 4) to base 14.
-b37955
Convert 2003211030 (base 4) to base 2.
10000011100101001100
-c10c1 (base 13) to base 9
-575328
-335142 (base 7) to base 3
-10000111200
201020121 (base 4) to base 7
1103433
Convert 15571140 (base 8) to base 10.
3600992
What is -8968b0 (base 12) in base 5?
-1030021212
3e8cb (base 15) to base 3
101012212202
What is -243334014 (base 7) in base 15?
-150e453
What is -233301030 (base 4) in base 11?
-124003
Convert 238177 (base 9) to base 15.
2c8e4
-110133204 (base 5) to base 13
-137aa4
What is -111100011000010 (base 2) in base 9?
-46358
Convert -21130402 (base 5) to base 15.
-37687
What is -82066 (base 9) in base 10?
-54006
What is 133023320 (base 5) in base 16?
a4731
253765 (base 8) to base 16
157f5
2751e (base 16) to base 9
264828
Convert 5945d2 (base 14) to base 15.
402c39
Convert -43326166 (base 7) to base 10.
-3704497
What is -423321 (base 6) in base 11?
-23992
-11413321 (base 5) to base 8
-321510
What is 8b10d (base 14) in base 16?
52739
46680 (base 11) to base 8
203444
What is -45a40 (base 12) in base 9?
-151603
What is 520301 (base 6) in base 11?
29271
Convert -963649 (base 13) to base 12.
-1219511
What is -3074640 (base 8) in base 11?
-509284
Convert 1590884 (base 10) to base 11.
997289
What is 362402 (base 7) in base 16?
100af
What is -1002322013 (base 4) in base 8?
-1027207
Convert 1223010114 (base 5) to base 6.
142550331
What is 9ed450 (base 15) in base 10?
7587975
Convert -3a895 (base 13) to base 4.
-122221013
What is 2465011 (base 8) in base 4?
2212220021
What is -1406624 (base 8) in base 15?
-7c812
What is 1782286 (base 12) in base 2?
10010101011101100000110
504 (base 9) to base 2
110011001
What is 11100000111011001 (base 2) in base 4?
130013121
Convert 14247720 (base 8) to base 5.
1311403241
What is -1616545 (base 8) in base 16?
-71d65
What is 120321 (base 4) in base 12?
b09
Convert -26a16 (base 14) to base 11.
-65645
Convert 102110044 (base 5) to base 10.
425649
735820 (base 15) to base 13
11a119a
Convert -1100101000100011110000 (base 2) to base 7.
-40102362
3040023 (base 5) to base 7
263663
What is 1340966 (base 12) in base 11?
2177687
3546078 (base 10) to base 2
1101100001101111011110
Convert -13141013 (base 5) to base 4.
-133323012
101011101011000111000 (base 2) to base 12
590220
Convert -3b8cb8 (base 14) to base 8.
-7670342
Convert 2b7670 (base 12) to base 15.
e8d89
What is -203122212 (base 4) in base 7?
-1142631
Convert -2ff95d (base 16) to base 6.
-151215405
-203245202 (base 6) to base 3
-20121220000202
95836 (base 10) to base 8
273134
-121332323113 (base 4) to base 9
-13731367
What is 32300121 (base 4) in base 13?
21684
What is 24680 (base 15) in base 10?
116220
What is -22c093 (base 15) in base 2?
-110010101011011011110
48a47 (base 11) to base 9
116603
Convert 2024151 (base 6) to base 10.
96835
Convert -130322323322 (base 4) to base 16.
-73aefa
Convert -3869267 (base 11) to base 5.
-3204000411
What is 163200 (base 7) in base 10?
32340
Convert 1242400 (base 6) to base 2.
10000100110000000
Convert -18536 (base 14) to base 9.
-103187
What is -1bfca7 (base 16) in base 15?
-2636bb
-445191 (base 11) to base 9
-1301403
Convert -112211111202 (base 3) to base 7.
-2324141
Convert 152005131 (base 6) to base 7.
35655616
What is -101110010010001101111 (base 2) in base 6?
-52301315
Convert 115043115 (base 6) to base 7.
24455144
Convert -11002221021 (base 3) to base 8.
-235750
-24146120 (base 8) to base 5
-2323421214
Convert -204702 (base 8) to base 11.
-4712a
86433 (base 10) to base 15
1a923
What is -5146202 (base 8) in base 11?
-851109
Convert 1174706 (base 8) to base 15.
66941
What is -35434031 (base 6) in base 14?
-20c1d9
What is -461203 (base 8) in base 12?
-76543
Convert 100200213022 (base 4) to base 3.
22010212201221
-1001011100011 (base 2) to base 12
-296b
What is -22441311 (base 5) in base 13?
-7135a
What is -330212123 (base 4) in base 15?
-4d82e
What is -14637340 (base 10) in base 3?
-1000112122122201
-54644022 (base 7) to base 12
-16a7ba9
What is 20422 (base 12) in base 16?
a45a
What is 31837 (base 16) in base 10?
202807
1c06c (base 16) to base 15
24031
Convert -16b39 (base 14) to base 5.
-3311322
Convert 1030021 (base 6) to base 2.
1100010101111101
What is -7425323 (base 8) in base 2?
-111100010101011010011
What is 4411021 (base 5) in base 7?
433610
-221002023 (base 4) to base 10
-168075
Convert -12300 (base 7) to base 8.
-6242
-1304981 (base 11) to base 2
-1000101000000011100000
Convert 130246 (base 10) to base 3.
20121122221
Convert b144ab (base 12) to base 3.
12012111120012
-438537 (base 12) to base 9
-2013607
-10112100020 (base 3) to base 8
-207600
2123352 (base 11) to base 8
16204414
-301141302 (base 5) to base 4
-10203111233
What is 54225122 (base 6) in base 2?
110000111111111001010
What is 3b5ae8 (base 15) in base 12?
b5799b
What is 12000111210120 (base 3) in base 5?
1140323024
132110113 (base 4) to base 5
12433213
Convert -5b22a (base 16) to base 14.
-9a078
Convert -32581 (base 9) to base 7.
-120013
-10011100010111110001111 (base 2) to base 14
-9754ab
Convert 56425330 (base 7) to base 5.
2223210042
-51525015 (base 7) to base 12
-1547520
What is -1531423 (base 6) in base 4?
-111323013
Convert 421337 (base 10) to base 16.
66dd9
What is -688dd (base 16) in base 11?
-272831
Convert -10120421 (base 5) to base 12.
-3b983
Convert -2153511 (base 6) to base 7.
-631021
What is 262463 (base 7) in base 2?
1011111100110011
What is -1052104 (base 6) in base 3?
-2201112111
What is 10111434 (base 5) in base 8?
240307
What is -102132144 (base 5) in base 15?
-86884
Convert 3200030 (base 5) to base 14.
1551a
-2000001121101 (base 3) to base 8
-4036165
Convert -1163240 (base 7) to base 11.
-a278a
-2aa8bc (base 13) to base 7
-11640050
What is 84313 (base 10) in base 16?
14959
Convert -2854 (base 14) to base 15.
-21a5
Convert -18106732 (base 9) to base 16.
-8ad514
Convert 371010 (base 12) to base 14.
193816
Convert 21011010222221 (base 3) to base 8.
16401205
-354a1 (base 11) to base 9
-77168
Convert 10101010110010001010 (base 2) to base 16.
aac8a
Convert -11255434 (base 7) to base 14.
-1ba48b
-100100010010000011001 (base 2) to base 16
-122419
Convert 22542202 (base 6) to base 3.
1022110010202
Convert 424222223 (base 5) to base 6.
102202411
Convert -10165718 (base 9) to base 10.
-4885613
Convert 772143 (base 9) to base 12.
1a2840
Convert e113d (base 15) to base 2.
10101101111011011000
What is 7c7053 (base 15) in base 5?
3010244303
Convert 20103 (base 10) to base 3.
1000120120
a9222 (base 13) to base 3
120112102001
28773 (base 16) to base 3
22102100210
What is 30973b (base 16) in base 5?
1303400233
What is -3014311 (base 5) in base 9?
-72853
What is -313122101 (base 4) in base 13?
-7c3c7
What is -123c1 (base 15) in base 6?
-1125331
213411322 (base 5) to base 15
13270c
Convert 300111301 (base 4) to base 15.
3da01
Convert 1024424300 (base 5) to base 7.
24403522
What is -533646 (base 7) in base 12?
-45703
Convert -49144 (base 10) to bas